t is the value of -1 + -5 + (-2 - (-1 + -2))?
-5
Evaluate 2 + 6 + -3 + 3.
8
What is the value of -1 - ((4 - (5 + 0)) + 3)?
-3
Evaluate 11 + 3 + (-8 - 0).
6
Calculate 0 + (-7 - -10) - 11.
-8
-1 + 1 + (-2 - (-1 + 3))
-4
What is 1 + -5 - (-10 + -5 + 9)?
2
What is the value of -2 + 2 - (-1 - (-5 + 6))?
2
What is the value of 4 + 3 + -14 + 1?
-6
What is (-1 - 3) + 2 + 4 - -2?
4
What is the value of -3 - (5 - 3) - (1 + 0)?
-6
Calculate 0 + -1 - (-11 + 8).
2
What is the value of (-10 - -3) + 0 + 2?
-5
Calculate 9 - (3 + 3 + 10).
-7
What is 5 + -2 + (-4 - -5)?
4
What is -5 - -7 - 1 - (-3 - -3)?
1
Evaluate -3 + -3 + 2 + (9 - 2).
3
Calculate 1 + 9 + (-10 - -5 - -1).
6
Calculate -6 - -14 - 8 - 0.
0
Evaluate 0 - 4 - (-6 + 4).
-2
What is the value of -1 + -12 + (0 - -10)?
-3
What is the value of -4 - (-5 + -4) - 6?
-1
Evaluate -3 + 7 + -6 + 6.
4
Evaluate (-6 - -2) + -15 + 17.
-2
What is 0 + 3 - (4 + -10 - -3)?
6
-3 + (-4 - -3) + 2
-2
What is the value of 7 + -8 - (-2 - (1 + 0))?
2
What is the value of (-4 - 1 - -5) + 4?
4
-12 - (-12 - (7 + -9 + -4))
-6
Evaluate 3 - (9 + -5 - 4).
3
What is 3 + (1 + -1 - 7)?
-4
Calculate 11 - ((1 - -3) + (3 - 1)).
5
8 + -11 + 7 + -1
3
What is 2 + (-5 - ((2 - 3) + 3))?
-5
Calculate 46 + -45 + (-4 - -1).
-2
(-9 - (-1 + -5)) + (1 - 4)
-6
What is (-4 - 2) + 1 - -4?
-1
What is -4 + (2 - 2 - (0 + -5))?
1
What is (5 - -2 - 2) + -7 + 1?
-1
Calculate -22 + 23 + 9 + -3 + 1.
8
Evaluate 3 + -5 + 17 + -9.
6
Evaluate -3 + 7 + -2 - 7.
-5
What is -2 - (-3 - (-3 - 2) - 6)?
2
What is the value of -3 + 4 - ((-2 - 2) + 2)?
3
What is 3 - (-1 + 7 - (-22 - -27))?
2
What is (-7 - -7 - -1) + -6 + 0?
-5
What is the value of 0 - -12 - 7 - 2?
3
Calculate -5 + 2 + -2 + -3 - -2.
-6
What is the value of -3 + 1 + (0 - -1) + -2?
-3
Calculate 1 + 3 - (2 + -6 + 7).
1
Calculate -2 + (1 - ((0 - -3) + 1)).
-5
Evaluate -5 - (-4 - (-3 - -2)) - -1.
-1
Calculate -5 + (-2 - -6 - -5).
4
What is the value of -4 - 1 - 0 - -10?
5
-3 + -1 + 8 - -1
5
What is 8 - -1 - (-46 - -55)?
0
Calculate 6 + -2 + -8 + 10.
6
What is the value of -1 - (1 - 6 - (-3 - 2))?
-1
Calculate -7 - (12 - 3 - 17).
1
Calculate (-48 - -53) + (1 - 1).
5
What is -4 - -3 - (12 - 5) - -9?
1
What is the value of -4 + -8 - (-8 + -1)?
-3
Evaluate 7 + -15 + (-7 - 1) + 14.
-2
Calculate 1 + -4 - (-11 - -8).
0
438 - 429 - (1 + 3 + 0)
5
What is the value of -5 + (3 - 0) + (3 - -1)?
2
What is -1 + -1 + -1 + 1 + 0?
-2
Evaluate 3 - 3 - (-2 - -5).
-3
What is the value of (4 - (-14 + 2)) + -6?
10
8 + -5 + -3 + (3 - -4)
7
Evaluate -110 - -98 - (1 - 10).
-3
Calculate (-4 - -3) + 3 + -1.
1
Calculate -3 + -11 + 8 + -3 + 5.
-4
Evaluate -3 - (10 + -5 - 4).
-4
Calculate -2 - (5 + -1) - -5.
-1
1 + (-12 - -4) + 3
-4
8 + (5 - 8) + -4 + -5
-4
What is the value of 8 - (22 + -16 + 5)?
-3
What is the value of (-4 - -4) + -5 - -2?
-3
2 - (4 + 3) - -2 - 0
-3
What is 7 + (1 - 1) + -6?
1
Evaluate -4 + ((8 - 6) + 2 - 6).
-6
What is the value of -2 - (2 - (6 + -4 - -4))?
2
Evaluate 0 - (-5 + 7 - -2).
-4
Evaluate 1 + 2 - (4 - 1).
0
Evaluate 2 - (1 + 4 + 0).
-3
What is the value of (-3 - (-15 - -14)) + (6 - 1)?
3
Evaluate 117 + -111 + (-2 - -1).
5
What is -7 + (-1 - -4) + 0 + 0?
-4
-1 - 4 - (-2 - (0 - 1))
-4
What is the value of (1 - 3) + (3 - -3)?
4
What is 8 - -1 - (-4 - -4)?
9
Evaluate 0 - (-3 - 1 - -4).
0
(1 - -1 - (15 + -16)) + -8
-5
Evaluate (-9 - -4) + -2 + (-4 - -19).
8
2 + (2 - (2 - -9))
-7
Evaluate -5 + 2 + 3 + 2.
2
Evaluate 6 + (-3 - (-8 + 5)).
6
What is the value of -9 - (-10 - 5 - 3)?
9
What is -9 + (-2 - -4) + (4 - 2)?
-5
(7 - (-7 + 14)) + 2 + -3
-1
What is (6 - 8) + (-2 - (-2 - 0))?
-2
-2 + -6 + 6 - (-8 + 2)
4
0 + 4 + -8 - (3 - 2)
-5
-1 + -2 + 3 + 6
6
3 + (0 + 2 - (-7 + 12))
0
What is the value of 2 + 0 - -1 - (7 + -8)?
4
What is -2 - (5 - 2 - 2)?
-3
5 - (1 - (-3 + 0))
1
What is (0 - 2) + (1 - 2) + 1?
-2
3 - -4 - (17 - 9)
-1
What is the value of -2 + (3 - -5 - 0 - 4)?
2
Evaluate (0 - -1 - -2) + -1 + 2.
4
Calculate -4 + 1 + (14 - 16).
-5
What is -7 + 6 + 0 + 2?
1
(3 - 5) + (0 - 1)
-3
What is 2 + 0 + -7 + 7?
2
Evaluate 5 + -9 + 7 + -2.
1
Calculate (-9 - (8 - 16)) + 0.
-1
Evaluate 5 - (-3 + 5 - -2).
1
What is the value of -3 - -2 - -5 - 0?
4
Evaluate -1 + 5 + -2 - -4 - 12.
-6
What is 1 + (0 - (-1 + 0))?
2
Calculate -3 - (0 + 0 - (-2 + 6)).
1
7 + -13 + (0 - -8) + 2
4
Evaluate 4 + -4 + -1 - (3 + 0).
-4
Calculate 2 + (-8 - -2 - -3 - -1).
0
Evaluate (6 - 1) + 0 + -7.
-2
What is the value of (44 - 34) + (-8 - 0)?
2
What is the value of 3 - (6 + (1 - 7))?
3
-6 + 7 - -3 - (1 + 1)
2
What is -7 + (-6 + 5 - -5) + 0?
-3
What is the value of 3 + -1 + -1 + -3 + -1?
-3
Calculate -3 - (-5 + 3 - 4).
3
0 - -13 - (46 + -39)
6
Calculate (-2 - -8) + 3 + 0 + -5.
4
What is the value of 0 - (-1 + 5 - 0 - 9)?
5
What is 0 - (7 - (-2 + 3))?
-6
What is -3 + (-2 - 1) + 5 - -1?
0
Calculate (-7 - -8) + 1 - 4.
-2
What is 1 + -8 + (4 - -3) + -1?
-1
Calculate (0 + 0 - -6) + -5.
1
Evaluate 6 + 0 + (2 - 12).
-4
Calculate -4 - -20 - 28 - (2 + -6).
-8
What is the value of (9 - 1) + (-2 - (9 + -6))?
3
-7 + (13 - 0) + -94 + 93
5
What is the value of -20 + 16 + 0 + 0?
-4
What is -11 - -2 - (-2 + -8)?
1
What is -2 - -2 - -3 - -1?
4
(-3 - (2 - 0)) + 4
-1
What is the value of -4 - (-8 + -12 - -8)?
8
6 + -4 + 2 + -6
-2
-1 - 6 - (-22 - (-3 - 5))
7
What is -7 - (-5 + 5 - 3)?
-4
Calculate (-21 + 6 - -2) + 7 - -8.
2
Evaluate -4 - 0 - (10 - 9).
-5
What is the value of 2 - -2 - (4 + 5 + -3)?
-2
What is -2 + ((-4 - -4) + 3 - 4)?
-3
4 - ((-1 - (-2 - 1)) + 3)
-1
What is -11 + 10 - (0 - (0 - -2))?
1
Calculate (-18 + 2 - -11) + 2.
-3
What is the value of (5 - 5) + 2 + 2?
4
Calculate -9 + 2 - (0 - (9 - -7)).
9
What is 11 - (-8 + 9 - -17)?
-7
Calculate 0 - (-2 - 1 - -1) - 8.
-6
What is 19 + -12 + -18 + 7?
-4
Evaluate -1 - ((-2 - -1) + -11 + 9).
2
What is -6 + 7 + -4 + 0?
-3
What is the value of (9 - 8) + (-1 - (1 + -5))?
4
Calculate 4 - (-15 - -9) - 6.
4
What is the value of 4 + -8 + 4 + (8 - 8)?
0
Calculate 0 + 12 - (9 + -2).
5
Evaluate 1 + (-5 - (-4 - -9 - 9)).
0
(-5 - (4 + -12)) + -2 + -4
-3
Calculate -10 + -7 + 14 + 8.
5
Evaluate -7 - (-1 + -2) - (2 + -1).
-5
What is -14 + (8 - 18 - -16)?
-8
What is the value of 2 + (1 - 2) + -5 + 4?
0
What is 1 + 0 + 4 + -5 + 0?
0
What is (-5 - (-8 + (4 - 0))) + -1?
-2
-12 + 17 - (-5 - -8)
2
1 + 1 + -4 + (18 - 20)
-4
Evaluate (-7 - (-5 - -1) - 3) + 7.
1
What is the value of (-1 - (0 - 2)) + (-20 - -19)?
0
5 + (9 + -3 - 3 - 0)
8
What is -70 + 72 - (-1 - 0)?
3
(-1 + 1 - 2) + 2
0
Evaluate 0 + 2 + (-5 - (8 + -8)).
-3
Evaluate (-8 - -3) + 9 - -1.
5
What is the value of 1 - (-5 + (4 - 3))?
5
What is the value of (14 - 5) + -9 + (1 - -1)?
2
What is the value of 1 - (0 - 2) - 0?
3
What is the value of (29 - 27) + 0 + -5 - 3?
-6
-1 - (2 - -6 - 9)
0
Evaluate 3 + -1 + -2 + 29 + -32.
-3
Calculate (1 - 3) + -3 + 1 - 1.
-5
-1 - (-1 + (-2 + 2 - 2))
2
Calculate (0 - 0) + 2 + -1 + 0.
1
2 + -9 + 9 - -1
3
4 + (3 - 1) + -3 + 0
3
16 - (-15 - -31) - (-6 - -1)
5
Calculate -7 + (6 - (-8 + 4)).
3
Calculate -2 - -11 - (6 + 0).
3
7 + (0 - 2) + -5
0
Calculate -6 + (-1 - -2) - 0.
-5
What is the value of 6 + 7 + -6 + -5?
2
What is -13 + 3 + 5 + 8?
3
Calculate 0 + 6 + -5 - 7 - -5.
-1
What is (7 - 7) + 6 - 8?
-2
What is -4 - (-11 + 8) - -9?
8
Evaluate (-2 - 0) + 3 - 1.
0
Evaluate 1 + -6 + 1 - 0.
-4
Evaluate -8 + (2 - (2 - 3)) + 1.
-4
What is 7 - (-3 - (5 + -5)) - 6?
4
Evaluate -3 + (-6 - (1 - 2)).
-8
Calculate (2 - 17) + 5 - (-3 - 0).
-7
Evaluate 8 + -10 - (2 + -4).
0
Evaluate (-1 - (6 - 2)) + -4 + 7.
-2
Evaluate (-4 - (-1 - -5)) + 10.
2
Evaluate 6 + (-17 - (5 - (9 - -2))).
-5
5 + -16 + 6 + 3
-2
What is (-3 - -5) + -8 + -3 + 4?
-5
Evaluate (4 - 8 - -7) + 1.
4
-3 + (-3 - 0) - -9
3
Calculate 8 - (1 + 3) - 0.
4
Calculate -5 + -4 + (16 - 14).
-7
5 + -4 - 3 - (-1 - 2)
1
Calculate -3 + (-2 - -1) + 1 - 2.
-5
Evaluate 6 - 5 - -7 - 13.
-5
What is 13 - (4 + 3 + 1)?
5
What is (-1 - 10) + (4 - (4 - 4))?
-7
Evaluate 0 + 5 + -7 + (12 - 7).
3
What is the value of -5 + (-2 - -5) - (-1 + 0)?
-1
What is the value of -1 + (1 - -3) - -2?
5
Calculate -1 - 2 - (-12 + (0 - -4)).
5
Calculate (-3 - -6 - 7) + 4.
0
Evaluate -2 - (-2 + 0) - (-52 - -54).
-2
14 + -16 + (8 - 2) - 11
-7
6 + -1 - 11 - -11
5
What is -17 + 27 + (2 - 5)?
7
Calculate 6 - 0 - (-57 + 68).
-5
9 + (-19 - 0) - -9
-1
(-4 - -6) + 